 base 10?
-63
-20 (base 3) to base 11
-6
2 (base 5) to base 8
2
What is -120 (base 3) in base 13?
-12
What is -af (base 16) in base 9?
-214
-1 (base 16) to base 7
-1
What is 33 (base 10) in base 14?
25
-1 (base 10) to base 9
-1
Convert -10010 (base 2) to base 10.
-18
22 (base 6) to base 3
112
Convert -47 (base 16) to base 7.
-131
What is 1 (base 4) in base 7?
1
104 (base 7) to base 2
110101
What is 1043 (base 6) in base 5?
1433
Convert 235 (base 6) to base 15.
65
Convert -1 (base 6) to base 8.
-1
-6 (base 8) to base 16
-6
Convert -40 (base 14) to base 15.
-3b
-2 (base 4) to base 13
-2
-2 (base 6) to base 16
-2
What is -110 (base 4) in base 7?
-26
Convert 3 (base 7) to base 13.
3
What is 0 (base 7) in base 5?
0
Convert ab (base 12) to base 3.
11212
6 (base 10) to base 11
6
What is -5 (base 15) in base 11?
-5
4 (base 12) to base 6
4
What is -11 (base 3) in base 4?
-10
Convert 32 (base 9) to base 15.
1e
Convert -53 (base 6) to base 13.
-27
Convert -6 (base 16) to base 15.
-6
What is 131 (base 4) in base 12?
25
What is cd (base 16) in base 12?
151
6d (base 15) to base 6
251
What is -3 (base 10) in base 13?
-3
What is 3 (base 5) in base 11?
3
d6 (base 16) to base 5
1324
3 (base 7) to base 5
3
100 (base 5) to base 7
34
-7 (base 9) to base 16
-7
-b (base 16) to base 2
-1011
What is 10 (base 7) in base 3?
21
What is -116 (base 7) in base 14?
-46
What is 8 (base 10) in base 8?
10
Convert -56 (base 10) to base 7.
-110
Convert 38 (base 11) to base 12.
35
Convert -101 (base 2) to base 8.
-5
Convert 2 (base 4) to base 16.
2
What is 1021 (base 3) in base 13?
28
110 (base 2) to base 3
20
What is -3 (base 12) in base 7?
-3
What is 12a (base 14) in base 8?
352
Convert -130 (base 5) to base 11.
-37
Convert -1 (base 2) to base 10.
-1
Convert 31 (base 13) to base 7.
55
Convert -12 (base 6) to base 16.
-8
Convert 265 (base 8) to base 5.
1211
What is 111011 (base 2) in base 14?
43
What is 3 (base 4) in base 2?
11
-22 (base 4) to base 13
-a
-11 (base 3) to base 7
-4
0 (base 5) to base 2
0
Convert -1001 (base 2) to base 14.
-9
What is 0 (base 14) in base 16?
0
What is 1 (base 5) in base 8?
1
Convert -1 (base 12) to base 15.
-1
-34 (base 6) to base 7
-31
-3 (base 14) to base 4
-3
Convert -3 (base 14) to base 7.
-3
Convert -12 (base 10) to base 8.
-14
What is 34 (base 11) in base 7?
52
Convert 202 (base 3) to base 5.
40
-9 (base 13) to base 8
-11
Convert a (base 14) to base 12.
a
Convert -1 (base 2) to base 5.
-1
-1 (base 16) to base 6
-1
Convert -4 (base 15) to base 2.
-100
Convert -3 (base 15) to base 4.
-3
89 (base 10) to base 15
5e
-133 (base 6) to base 8
-71
8 (base 13) to base 9
8
What is 43 (base 6) in base 13?
21
44 (base 9) to base 11
37
What is 3 (base 11) in base 7?
3
b (base 16) to base 5
21
What is 3 (base 15) in base 3?
10
-3 (base 15) to base 2
-11
Convert 540 (base 7) to base 2.
100010001
Convert 224 (base 6) to base 9.
107
What is 0 (base 4) in base 7?
0
Convert 21 (base 4) to base 16.
9
What is 63 (base 7) in base 3?
1200
What is 34 (base 13) in base 7?
61
Convert -1 (base 12) to base 5.
-1
-40 (base 6) to base 8
-30
What is -10b (base 14) in base 6?
-543
1102 (base 3) to base 9
42
-3 (base 15) to base 4
-3
Convert -64 (base 10) to base 8.
-100
What is 4 (base 12) in base 7?
4
Convert -2 (base 16) to base 12.
-2
18 (base 11) to base 14
15
Convert -84 (base 11) to base 14.
-68
What is 2021 (base 3) in base 4?
331
What is -1a5 (base 12) in base 7?
-533
-4 (base 11) to base 12
-4
Convert -1010 (base 2) to base 14.
-a
What is -13 (base 13) in base 15?
-11
41 (base 15) to base 3
2021
Convert 10d (base 14) to base 3.
21202
1 (base 14) to base 2
1
What is -32 (base 8) in base 10?
-26
-10 (base 4) to base 12
-4
What is -b (base 16) in base 6?
-15
14 (base 11) to base 15
10
Convert 11 (base 3) to base 5.
4
-14 (base 10) to base 3
-112
What is 15 (base 13) in base 15?
13
Convert 1001 (base 2) to base 3.
100
13 (base 5) to base 4
20
What is -9 (base 12) in base 3?
-100
What is -1231 (base 5) in base 10?
-191
Convert -37 (base 9) to base 14.
-26
What is 82 (base 11) in base 7?
156
What is -4 (base 8) in base 10?
-4
62 (base 15) to base 12
78
182 (base 9) to base 5
1110
What is 1 (base 3) in base 11?
1
Convert 4 (base 13) to base 14.
4
What is 2 (base 4) in base 14?
2
Convert -2 (base 5) to base 11.
-2
Convert -2 (base 5) to base 12.
-2
What is -3 (base 9) in base 7?
-3
What is -28 (base 10) in base 12?
-24
What is 29 (base 12) in base 4?
201
0 (base 6) to base 13
0
-1 (base 8) to base 14
-1
What is 52 (base 9) in base 16?
2f
-110 (base 4) to base 15
-15
Convert 17 (base 8) to base 3.
120
What is -108 (base 9) in base 11?
-81
20211 (base 3) to base 12
134
4 (base 9) to base 15
4
Convert -36 (base 11) to base 4.
-213
What is 11100011 (base 2) in base 14?
123
What is 101 (base 2) in base 12?
5
Convert -43 (base 6) to base 16.
-1b
Convert -5 (base 13) to base 2.
-101
What is 22 (base 5) in base 10?
12
Convert 133 (base 5) to base 12.
37
Convert 1 (base 3) to base 16.
1
1 (base 2) to base 8
1
What is -11 (base 5) in base 8?
-6
Convert -15 (base 14) to base 13.
-16
16 (base 16) to base 14
18
-19 (base 14) to base 16
-17
-7 (base 16) to base 5
-12
What is -31 (base 9) in base 7?
-40
Convert -311 (base 6) to base 2.
-1110011
Convert a (base 12) to base 7.
13
78 (base 11) to base 13
67
Convert -245 (base 7) to base 6.
-335
7c (base 13) to base 2
1100111
-42 (base 11) to base 3
-1201
Convert -144 (base 6) to base 13.
-4c
2 (base 7) to base 9
2
4 (base 8) to base 6
4
What is -104 (base 6) in base 13?
-31
Convert -1001000 (base 2) to base 9.
-80
What is 24 (base 12) in base 13?
22
Convert -1 (base 3) to base 2.
-1
-185 (base 11) to base 9
-257
-50 (base 12) to base 15
-40
What is -3 (base 16) in base 8?
-3
36 (base 7) to base 3
1000
What is -37 (base 9) in base 12?
-2a
18 (base 15) to base 5
43
Convert -3302 (base 4) to base 13.
-158
Convert -2 (base 5) to base 6.
-2
Convert -1 (base 3) to base 9.
-1
What is 2 (base 11) in base 12?
2
Convert 0 (base 12) to base 11.
0
Convert 12 (base 8) to base 6.
14
Convert -182 (base 12) to base 9.
-288
What is -1010 (base 2) in base 16?
-a
Convert -1 (base 8) to base 15.
-1
Convert -1 (base 6) to base 7.
-1
3 (base 6) to base 4
3
What is 221 (base 4) in base 16?
29
Convert -150 (base 12) to base 2.
-11001100
What is 0 (base 2) in base 5?
0
What is -67 (base 11) in base 15?
-4d
What is -112 (base 4) in base 10?
-22
Convert -2 (base 9) to base 8.
-2
Convert 53 (base 6) to base 8.
41
1 (base 5) to base 11
1
217 (base 9) to base 10
178
Convert -231 (base 7) to base 14.
-88
What is -6 (base 14) in base 9?
-6
13 (base 13) to base 7
22
-37 (base 12) to base 2
-101011
61 (base 7) to base 3
1121
What is -101 (base 3) in base 15?
-a
What is 59 (base 15) in base 9?
103
What is -9 (base 15) in base 12?
-9
Convert 2 (base 13) to base 9.
2
Convert -21 (base 13) to base 4.
-123
-32 (base 6) to base 4
-110
Convert 65 (base 9) to base 8.
73
-1031 (base 4) to base 14
-57
Convert -6 (base 16) to base 2.
-110
What is -11 (base 4) in base 13?
-5
-d (base 15) to base 6
-21
7 (base 11) to base 12
7
-2 (base 12) to base 16
-2
Convert 0 (base 8) to base 16.
0
What is -2 (base 12) in base 14?
-2
Convert -1 (base 6) to base 4.
-1
25 (base 8) to base 13
18
Convert -156 (base 13) to base 4.
-3300
What is -100110 (base 2) in base 5?
-123
Convert 1 (base 10) to base 16.
1
-122 (base 8) to base 15
-57
Convert 8 (base 14) to base 9.
8
What is 342 (base 5) in base 13?
76
What is -3 (base 11) in base 6?
-3
What is 121 (base 6) in base 2?
110001
2 (base 7) to base 13
2
Convert -112 (base 8) to base 12.
-62
-101 (base 2) to base 10
-5
Convert 2 (base 10) to base 14.
2
-6a (base 15) to base 6
-244
-1010 (base 2) to base 6
-14
What is 50 (base 12) in base 16?
3c
What is -24 (base 13) in base 16?
-1e
Convert 120 (base 4) to base 16.
18
Convert -14 (base 7) to base 13.
-b
-39 (base 16) to base 6
-133
What is 3 (base 11) in base 7?
3
Convert 12 (base 3) to base 15.
5
-5 (base 9) to base 11
-5
-3 (base 5) to base 14
-3
Convert 2 (base 4) to base 3.
2
What is -e5 (base 15) in base 4?
-3113
Convert 6 (base 8) to base 9.
6
Convert 161 (base 7) to base 12.
78
-10 (base 3) to base 8
-3
-52 (base 8) to base 12
-36
What is -3 (base 11) in base 13?
-3
What is 4 (base 11) in base 4?
1